{"id":868,"date":"2021-11-04T14:57:25","date_gmt":"2021-11-04T13:57:25","guid":{"rendered":"https:\/\/merceyoga.wordpress.com\/?page_id=868"},"modified":"2024-02-11T19:35:40","modified_gmt":"2024-02-11T18:35:40","slug":"material-yoga-con-merce","status":"publish","type":"page","link":"https:\/\/merceyoga.com\/?page_id=868","title":{"rendered":"Material adicional"},"content":{"rendered":"","protected":true},"excerpt":{"rendered":"","protected":true},"author":2,"featured_media":0,"parent":0,"menu_order":0,"comment_status":"open","ping_status":"closed","template":"","meta":{"footnotes":""},"class_list":["post-868","page","type-page","status-publish","post-password-required","hentry"],"jetpack-related-posts":[{"id":967,"url":"https:\/\/merceyoga.com\/?page_id=967","url_meta":{"origin":868,"position":0},"title":"Clases de Yoga en V\u00eddeo","date":"febrero 16, 2022","format":false,"excerpt":"Para que puedas realizar en la comodidad de tu espacio, al tiempo que m\u00e1s se ajuste a tus necesidades y tener un acompa\u00f1amiento en tus clases. Te dejo aqu\u00ed el acceso a una clase de yoga restaurativa en v\u00eddeo https:\/\/www.youtube.com\/watch?v=YuzlyLXucpY Si te interesa recibir en tu correo una clase en\u2026","rel":"","context":"Entrada similar","img":{"alt_text":"","src":"https:\/\/i0.wp.com\/merceyoga.com\/wp-content\/uploads\/2023\/02\/IMG_20221215_180700504_MP-scaled.jpg?resize=350%2C200&ssl=1","width":350,"height":200},"classes":[]},{"id":132,"url":"https:\/\/merceyoga.com\/?page_id=132","url_meta":{"origin":868,"position":1},"title":"Clases de Yoga Presenciales","date":"marzo 2, 2021","format":false,"excerpt":"Traer yoga a nuestra vida cotidiana nos permite reconocerque no hay divisi\u00f3n entre una cosa y otra. Clases de yoga en Castelldefels. Ponte en contacto para reservar tu plaza en las clases de yoga en Castelldefels. Chat en WhatsApp > Clases de Yoga Privadas En un encuentro personal entre tu\u2026","rel":"","context":"Entrada similar","img":{"alt_text":"","src":"https:\/\/i0.wp.com\/merceyoga.com\/wp-content\/uploads\/2024\/02\/Yoga-en-ARAYA.png?resize=350%2C200&ssl=1","width":350,"height":200},"classes":[]},{"id":9,"url":"https:\/\/merceyoga.com\/?page_id=9","url_meta":{"origin":868,"position":2},"title":"Acerca de m\u00ed","date":"febrero 17, 2021","format":false,"excerpt":"Soy Merc\u00e9.Tengo 35 a\u00f1os. Nac\u00ed en Argentina. Si, tengo nombre Catal\u00e1n Vivo en Barcelona desde junio 2018 Mi pasi\u00f3n es la naturaleza, la comunicaci\u00f3n y la uni\u00f3n de mundos. El estudio de la mente desde la perspectiva del Yoga es lo que me ocupa desde hace tiempo. Mi vida laboral\u2026","rel":"","context":"Entrada similar","img":{"alt_text":"","src":"https:\/\/i0.wp.com\/merceyoga.com\/wp-content\/uploads\/2021\/03\/img_20201211_161226964_hdr-1-scaled.jpg?resize=350%2C200&ssl=1","width":350,"height":200},"classes":[]},{"id":1292,"url":"https:\/\/merceyoga.com\/?page_id=1292","url_meta":{"origin":868,"position":3},"title":"Yoga Restaurativo","date":"septiembre 26, 2023","format":false,"excerpt":"El Yoga restaurativo es un estilo que procura la salud de la columna vertebral en una pr\u00e1ctica sumamente relajante y terap\u00e9utica. Se utilizan diferentes elementos como sost\u00e9n para permanecer en el asana sin sobre-esfuerzos y ayudar al cuerpo a encontrar la posibilidad de relajarse para recibir los grandes beneficios que\u2026","rel":"","context":"Entrada similar","img":{"alt_text":"","src":"https:\/\/i0.wp.com\/merceyoga.com\/wp-content\/uploads\/2023\/09\/Screenshot_20201114-140745-1.jpg?resize=350%2C200&ssl=1","width":350,"height":200},"classes":[]},{"id":1047,"url":"https:\/\/merceyoga.com\/?page_id=1047","url_meta":{"origin":868,"position":4},"title":"Yoga con Merc\u00e9","date":"febrero 17, 2021","format":false,"excerpt":"Yoga & Budismo herramientas de auto-conocimiento. Propuestas de calma, bienestar, contento y amor. Merc\u00e9 & Yoga Brindo espacios de pr\u00e1ctica, estudio, auto exploraci\u00f3n y conocimiento desde la \u00a0perspectiva del yoga y budismo. Las clases son espacios de aprendizaje respetuoso, gentil y suave para integrar la pr\u00e1ctica a la vida diaria\u2026","rel":"","context":"Entrada similar","img":{"alt_text":"","src":"https:\/\/i0.wp.com\/merceyoga.com\/wp-content\/uploads\/2021\/03\/meditacion.png?resize=350%2C200&ssl=1","width":350,"height":200},"classes":[]},{"id":171,"url":"https:\/\/merceyoga.com\/?page_id=171","url_meta":{"origin":868,"position":5},"title":"Yoga Nidra","date":"marzo 3, 2021","format":false,"excerpt":"Es un m\u00e9todo sistem\u00e1tico para inducir una completa relajaci\u00f3n f\u00edsica, metal y emocional, mientras que la consciencia se mantiene presente entre el sue\u00f1o y la vigilia. Yoga Nidra - Swami Satyananda Saraswati En el ritmo de la vida actual vamos tan ocupados de vivir y sobrevivir que nos olvidamos de\u2026","rel":"","context":"Entrada similar","img":{"alt_text":"","src":"https:\/\/i0.wp.com\/merceyoga.com\/wp-content\/uploads\/2021\/03\/p8041767-scaled.jpg?resize=350%2C200&ssl=1","width":350,"height":200},"classes":[]}],"_links":{"self":[{"href":"https:\/\/merceyoga.com\/index.php?rest_route=\/wp\/v2\/pages\/868","targetHints":{"allow":["GET"]}}],"collection":[{"href":"https:\/\/merceyoga.com\/index.php?rest_route=\/wp\/v2\/pages"}],"about":[{"href":"https:\/\/merceyoga.com\/index.php?rest_route=\/wp\/v2\/types\/page"}],"author":[{"embeddable":true,"href":"https:\/\/merceyoga.com\/index.php?rest_route=\/wp\/v2\/users\/2"}],"replies":[{"embeddable":true,"href":"https:\/\/merceyoga.com\/index.php?rest_route=%2Fwp%2Fv2%2Fcomments&post=868"}],"version-history":[{"count":10,"href":"https:\/\/merceyoga.com\/index.php?rest_route=\/wp\/v2\/pages\/868\/revisions"}],"predecessor-version":[{"id":1523,"href":"https:\/\/merceyoga.com\/index.php?rest_route=\/wp\/v2\/pages\/868\/revisions\/1523"}],"wp:attachment":[{"href":"https:\/\/merceyoga.com\/index.php?rest_route=%2Fwp%2Fv2%2Fmedia&parent=868"}],"curies":[{"name":"wp","href":"https:\/\/api.w.org\/{rel}","templated":true}]}}