{"id":7,"date":"2021-02-17T12:41:28","date_gmt":"2021-02-17T12:41:28","guid":{"rendered":"https:\/\/merceyoga.wordpress.com\/?page_id=7"},"modified":"2023-02-23T20:40:24","modified_gmt":"2023-02-23T19:40:24","slug":"blog","status":"publish","type":"page","link":"https:\/\/merceyoga.com\/?page_id=7","title":{"rendered":"Blog"},"content":{"rendered":"\n<div style=\"height:64px\" aria-hidden=\"true\" class=\"wp-block-spacer desktop-only\"><\/div>\n\n\n<ul class=\"wp-block-latest-posts__list is-grid columns-4 wp-block-latest-posts\"><li><div class=\"wp-block-latest-posts__featured-image aligncenter\"><img loading=\"lazy\" decoding=\"async\" width=\"900\" height=\"508\" src=\"https:\/\/i0.wp.com\/merceyoga.com\/wp-content\/uploads\/2024\/02\/WhatsApp-Image-2024-02-02-at-5.42.54-PM.jpeg?fit=900%2C508&amp;ssl=1\" class=\"attachment-large size-large wp-post-image\" alt=\"\" style=\"\" srcset=\"https:\/\/i0.wp.com\/merceyoga.com\/wp-content\/uploads\/2024\/02\/WhatsApp-Image-2024-02-02-at-5.42.54-PM.jpeg?w=900&amp;ssl=1 900w, https:\/\/i0.wp.com\/merceyoga.com\/wp-content\/uploads\/2024\/02\/WhatsApp-Image-2024-02-02-at-5.42.54-PM.jpeg?resize=300%2C169&amp;ssl=1 300w, https:\/\/i0.wp.com\/merceyoga.com\/wp-content\/uploads\/2024\/02\/WhatsApp-Image-2024-02-02-at-5.42.54-PM.jpeg?resize=768%2C433&amp;ssl=1 768w\" sizes=\"auto, (max-width: 900px) 100vw, 900px\" \/><\/div><a class=\"wp-block-latest-posts__post-title\" href=\"https:\/\/merceyoga.com\/?p=1481\">Yoga y deporte son buenos aliados<\/a><div class=\"wp-block-latest-posts__post-excerpt\">La pr\u00e1ctica de deportes, entrenamientos y ejercicios con la pr\u00e1ctica de yoga son una gran combinaci\u00f3n, disciplinas aliadas que nos invitan a explorar la totalidad&#8230; <a class=\"wp-block-latest-posts__read-more\" href=\"https:\/\/merceyoga.com\/?p=1481\" rel=\"noopener noreferrer\">Lee m\u00e1s<span class=\"screen-reader-text\">: Yoga y deporte son buenos aliados<\/span><\/a><\/div><\/li>\n<li><div class=\"wp-block-latest-posts__featured-image aligncenter\"><img loading=\"lazy\" decoding=\"async\" width=\"1024\" height=\"491\" src=\"https:\/\/i0.wp.com\/merceyoga.com\/wp-content\/uploads\/2023\/10\/DSC_0541-scaled-e1697280566388.jpg?fit=1024%2C491&amp;ssl=1\" class=\"attachment-large size-large wp-post-image\" alt=\"\" style=\"\" srcset=\"https:\/\/i0.wp.com\/merceyoga.com\/wp-content\/uploads\/2023\/10\/DSC_0541-scaled-e1697280566388.jpg?w=2560&amp;ssl=1 2560w, https:\/\/i0.wp.com\/merceyoga.com\/wp-content\/uploads\/2023\/10\/DSC_0541-scaled-e1697280566388.jpg?resize=300%2C144&amp;ssl=1 300w, https:\/\/i0.wp.com\/merceyoga.com\/wp-content\/uploads\/2023\/10\/DSC_0541-scaled-e1697280566388.jpg?resize=1024%2C491&amp;ssl=1 1024w, https:\/\/i0.wp.com\/merceyoga.com\/wp-content\/uploads\/2023\/10\/DSC_0541-scaled-e1697280566388.jpg?resize=768%2C368&amp;ssl=1 768w, https:\/\/i0.wp.com\/merceyoga.com\/wp-content\/uploads\/2023\/10\/DSC_0541-scaled-e1697280566388.jpg?resize=1536%2C737&amp;ssl=1 1536w, https:\/\/i0.wp.com\/merceyoga.com\/wp-content\/uploads\/2023\/10\/DSC_0541-scaled-e1697280566388.jpg?resize=2048%2C982&amp;ssl=1 2048w\" sizes=\"auto, (max-width: 1000px) 100vw, 1000px\" \/><\/div><a class=\"wp-block-latest-posts__post-title\" href=\"https:\/\/merceyoga.com\/?p=1334\">Yoga es hogar<\/a><div class=\"wp-block-latest-posts__post-excerpt\">Hola! Hoy te comparto este relato de porqu\u00e9 elijo llevar el yoga como forma de vida. Resulta que hace un tiempo me fui de viaje&#8230; <a class=\"wp-block-latest-posts__read-more\" href=\"https:\/\/merceyoga.com\/?p=1334\" rel=\"noopener noreferrer\">Lee m\u00e1s<span class=\"screen-reader-text\">: Yoga es hogar<\/span><\/a><\/div><\/li>\n<li><div class=\"wp-block-latest-posts__featured-image aligncenter\"><img loading=\"lazy\" decoding=\"async\" width=\"500\" height=\"293\" src=\"https:\/\/i0.wp.com\/merceyoga.com\/wp-content\/uploads\/2023\/02\/whatsapp-image-2023-02-06-at-9.18.03-pm-2.jpeg?fit=500%2C293&amp;ssl=1\" class=\"attachment-large size-large wp-post-image\" alt=\"\" style=\"\" srcset=\"https:\/\/i0.wp.com\/merceyoga.com\/wp-content\/uploads\/2023\/02\/whatsapp-image-2023-02-06-at-9.18.03-pm-2.jpeg?w=500&amp;ssl=1 500w, https:\/\/i0.wp.com\/merceyoga.com\/wp-content\/uploads\/2023\/02\/whatsapp-image-2023-02-06-at-9.18.03-pm-2.jpeg?resize=300%2C176&amp;ssl=1 300w\" sizes=\"auto, (max-width: 500px) 100vw, 500px\" \/><\/div><a class=\"wp-block-latest-posts__post-title\" href=\"https:\/\/merceyoga.com\/?p=1037\">Mantras para resetear la mente<\/a><div class=\"wp-block-latest-posts__post-excerpt\">Hola Amigx! Est\u00e1 clar\u00edsimo y es com\u00fan conocimiento que la m\u00fasica puede cambiarnos el \u00e1nimo. Que es un gran recurso para pasar el rato, calmar&#8230; <a class=\"wp-block-latest-posts__read-more\" href=\"https:\/\/merceyoga.com\/?p=1037\" rel=\"noopener noreferrer\">Lee m\u00e1s<span class=\"screen-reader-text\">: Mantras para resetear la mente<\/span><\/a><\/div><\/li>\n<li><div class=\"wp-block-latest-posts__featured-image aligncenter\"><img loading=\"lazy\" decoding=\"async\" width=\"1024\" height=\"768\" src=\"https:\/\/i0.wp.com\/merceyoga.com\/wp-content\/uploads\/2022\/02\/img_20190510_165533-1-scaled.jpg?fit=1024%2C768&amp;ssl=1\" class=\"attachment-large size-large wp-post-image\" alt=\"\" style=\"\" srcset=\"https:\/\/i0.wp.com\/merceyoga.com\/wp-content\/uploads\/2022\/02\/img_20190510_165533-1-scaled.jpg?w=2560&amp;ssl=1 2560w, https:\/\/i0.wp.com\/merceyoga.com\/wp-content\/uploads\/2022\/02\/img_20190510_165533-1-scaled.jpg?resize=300%2C225&amp;ssl=1 300w, https:\/\/i0.wp.com\/merceyoga.com\/wp-content\/uploads\/2022\/02\/img_20190510_165533-1-scaled.jpg?resize=1024%2C768&amp;ssl=1 1024w, https:\/\/i0.wp.com\/merceyoga.com\/wp-content\/uploads\/2022\/02\/img_20190510_165533-1-scaled.jpg?resize=768%2C576&amp;ssl=1 768w, https:\/\/i0.wp.com\/merceyoga.com\/wp-content\/uploads\/2022\/02\/img_20190510_165533-1-scaled.jpg?resize=1536%2C1152&amp;ssl=1 1536w, https:\/\/i0.wp.com\/merceyoga.com\/wp-content\/uploads\/2022\/02\/img_20190510_165533-1-scaled.jpg?resize=2048%2C1536&amp;ssl=1 2048w\" sizes=\"auto, (max-width: 1000px) 100vw, 1000px\" \/><\/div><a class=\"wp-block-latest-posts__post-title\" href=\"https:\/\/merceyoga.com\/?p=844\">Rest &amp; Digest<\/a><div class=\"wp-block-latest-posts__post-excerpt\">Existe una reacci\u00f3n en todxs nosotrxs que los cient\u00edficos llaman el instinto de \u201cFight &amp; Fly\u201d o \u201cLucha &amp; Hu\u00edda\u201d.&nbsp; El instinto son memorias grabadas&#8230; <a class=\"wp-block-latest-posts__read-more\" href=\"https:\/\/merceyoga.com\/?p=844\" rel=\"noopener noreferrer\">Lee m\u00e1s<span class=\"screen-reader-text\">: Rest &amp; Digest<\/span><\/a><\/div><\/li>\n<li><div class=\"wp-block-latest-posts__featured-image aligncenter\"><img loading=\"lazy\" decoding=\"async\" width=\"800\" height=\"1020\" src=\"https:\/\/i0.wp.com\/merceyoga.com\/wp-content\/uploads\/2021\/09\/rosadali.jpg?fit=800%2C1020&amp;ssl=1\" class=\"attachment-large size-large wp-post-image\" alt=\"\" style=\"\" srcset=\"https:\/\/i0.wp.com\/merceyoga.com\/wp-content\/uploads\/2021\/09\/rosadali.jpg?w=800&amp;ssl=1 800w, https:\/\/i0.wp.com\/merceyoga.com\/wp-content\/uploads\/2021\/09\/rosadali.jpg?resize=235%2C300&amp;ssl=1 235w, https:\/\/i0.wp.com\/merceyoga.com\/wp-content\/uploads\/2021\/09\/rosadali.jpg?resize=768%2C979&amp;ssl=1 768w\" sizes=\"auto, (max-width: 800px) 100vw, 800px\" \/><\/div><a class=\"wp-block-latest-posts__post-title\" href=\"https:\/\/merceyoga.com\/?p=839\">Sobre el vac\u00edo<\/a><div class=\"wp-block-latest-posts__post-excerpt\">Reflexionando sobre la ense\u00f1anza del vac\u00edo, lo que el Budismo nos propone es que todos los objetos, situaciones, eventos carecen de sentido inherente. Es decir,&#8230; <a class=\"wp-block-latest-posts__read-more\" href=\"https:\/\/merceyoga.com\/?p=839\" rel=\"noopener noreferrer\">Lee m\u00e1s<span class=\"screen-reader-text\">: Sobre el vac\u00edo<\/span><\/a><\/div><\/li>\n<li><div class=\"wp-block-latest-posts__featured-image aligncenter\"><img loading=\"lazy\" decoding=\"async\" width=\"768\" height=\"1024\" src=\"https:\/\/i0.wp.com\/merceyoga.com\/wp-content\/uploads\/2021\/02\/img_20210217_102311448_hdr-scaled-e1677175865215.jpg?fit=768%2C1024&amp;ssl=1\" class=\"attachment-large size-large wp-post-image\" alt=\"\" style=\"\" \/><\/div><a class=\"wp-block-latest-posts__post-title\" href=\"https:\/\/merceyoga.com\/?p=805\">Yoga Nidra: Sesi\u00f3n Conectar<\/a><div class=\"wp-block-latest-posts__post-excerpt\">Contar sobre el Nidra desde un mont\u00f3n de certezas me parece algo incluso ir\u00f3nico para lo que en verdad sucede en la pr\u00e1ctica. \u00bfQue es?&#8230; <a class=\"wp-block-latest-posts__read-more\" href=\"https:\/\/merceyoga.com\/?p=805\" rel=\"noopener noreferrer\">Lee m\u00e1s<span class=\"screen-reader-text\">: Yoga Nidra: Sesi\u00f3n Conectar<\/span><\/a><\/div><\/li>\n<li><div class=\"wp-block-latest-posts__featured-image aligncenter\"><img loading=\"lazy\" decoding=\"async\" width=\"720\" height=\"788\" src=\"https:\/\/i0.wp.com\/merceyoga.com\/wp-content\/uploads\/2021\/06\/whatsapp-image-2021-06-15-at-5.32.42-pm.jpeg?fit=720%2C788&amp;ssl=1\" class=\"attachment-large size-large wp-post-image\" alt=\"\" style=\"\" srcset=\"https:\/\/i0.wp.com\/merceyoga.com\/wp-content\/uploads\/2021\/06\/whatsapp-image-2021-06-15-at-5.32.42-pm.jpeg?w=720&amp;ssl=1 720w, https:\/\/i0.wp.com\/merceyoga.com\/wp-content\/uploads\/2021\/06\/whatsapp-image-2021-06-15-at-5.32.42-pm.jpeg?resize=274%2C300&amp;ssl=1 274w\" sizes=\"auto, (max-width: 720px) 100vw, 720px\" \/><\/div><a class=\"wp-block-latest-posts__post-title\" href=\"https:\/\/merceyoga.com\/?p=785\">Club de Lectura: El Arte de la Felicidad #5<\/a><div class=\"wp-block-latest-posts__post-excerpt\">Me tom\u00e9 unos d\u00edas de vacaciones en este caluroso verano para retomar, m\u00e1s convencida que nunca, en el compartir de esta lectura tan preciosa que&#8230; <a class=\"wp-block-latest-posts__read-more\" href=\"https:\/\/merceyoga.com\/?p=785\" rel=\"noopener noreferrer\">Lee m\u00e1s<span class=\"screen-reader-text\">: Club de Lectura: El Arte de la Felicidad #5<\/span><\/a><\/div><\/li>\n<li><div class=\"wp-block-latest-posts__featured-image aligncenter\"><img loading=\"lazy\" decoding=\"async\" width=\"720\" height=\"788\" src=\"https:\/\/i0.wp.com\/merceyoga.com\/wp-content\/uploads\/2021\/06\/whatsapp-image-2021-06-15-at-5.32.42-pm.jpeg?fit=720%2C788&amp;ssl=1\" class=\"attachment-large size-large wp-post-image\" alt=\"\" style=\"\" srcset=\"https:\/\/i0.wp.com\/merceyoga.com\/wp-content\/uploads\/2021\/06\/whatsapp-image-2021-06-15-at-5.32.42-pm.jpeg?w=720&amp;ssl=1 720w, https:\/\/i0.wp.com\/merceyoga.com\/wp-content\/uploads\/2021\/06\/whatsapp-image-2021-06-15-at-5.32.42-pm.jpeg?resize=274%2C300&amp;ssl=1 274w\" sizes=\"auto, (max-width: 720px) 100vw, 720px\" \/><\/div><a class=\"wp-block-latest-posts__post-title\" href=\"https:\/\/merceyoga.com\/?p=779\">Club de Lectura: El Arte de la Felicidad #4<\/a><div class=\"wp-block-latest-posts__post-excerpt\">Recapitulando, en las dos primeras entregas vimos como nos introducen a esta idea de que la felicidad depende m\u00e1s del estado de nuestra mente que&#8230; <a class=\"wp-block-latest-posts__read-more\" href=\"https:\/\/merceyoga.com\/?p=779\" rel=\"noopener noreferrer\">Lee m\u00e1s<span class=\"screen-reader-text\">: Club de Lectura: El Arte de la Felicidad #4<\/span><\/a><\/div><\/li>\n<li><div class=\"wp-block-latest-posts__featured-image aligncenter\"><img loading=\"lazy\" decoding=\"async\" width=\"720\" height=\"788\" src=\"https:\/\/i0.wp.com\/merceyoga.com\/wp-content\/uploads\/2021\/06\/whatsapp-image-2021-06-15-at-5.32.42-pm.jpeg?fit=720%2C788&amp;ssl=1\" class=\"attachment-large size-large wp-post-image\" alt=\"\" style=\"\" srcset=\"https:\/\/i0.wp.com\/merceyoga.com\/wp-content\/uploads\/2021\/06\/whatsapp-image-2021-06-15-at-5.32.42-pm.jpeg?w=720&amp;ssl=1 720w, https:\/\/i0.wp.com\/merceyoga.com\/wp-content\/uploads\/2021\/06\/whatsapp-image-2021-06-15-at-5.32.42-pm.jpeg?resize=274%2C300&amp;ssl=1 274w\" sizes=\"auto, (max-width: 720px) 100vw, 720px\" \/><\/div><a class=\"wp-block-latest-posts__post-title\" href=\"https:\/\/merceyoga.com\/?p=773\">Club de Lectura: El Arte de la Felicidad #3<\/a><div class=\"wp-block-latest-posts__post-excerpt\">Si te sumaste en esta entrega te dejo el enlace a la Bienvenida al Club de Lectura e Introducci\u00f3n al libro El Arte de la&#8230; <a class=\"wp-block-latest-posts__read-more\" href=\"https:\/\/merceyoga.com\/?p=773\" rel=\"noopener noreferrer\">Lee m\u00e1s<span class=\"screen-reader-text\">: Club de Lectura: El Arte de la Felicidad #3<\/span><\/a><\/div><\/li>\n<li><div class=\"wp-block-latest-posts__featured-image aligncenter\"><img loading=\"lazy\" decoding=\"async\" width=\"720\" height=\"788\" src=\"https:\/\/i0.wp.com\/merceyoga.com\/wp-content\/uploads\/2021\/06\/whatsapp-image-2021-06-15-at-5.32.42-pm.jpeg?fit=720%2C788&amp;ssl=1\" class=\"attachment-large size-large wp-post-image\" alt=\"\" style=\"\" srcset=\"https:\/\/i0.wp.com\/merceyoga.com\/wp-content\/uploads\/2021\/06\/whatsapp-image-2021-06-15-at-5.32.42-pm.jpeg?w=720&amp;ssl=1 720w, https:\/\/i0.wp.com\/merceyoga.com\/wp-content\/uploads\/2021\/06\/whatsapp-image-2021-06-15-at-5.32.42-pm.jpeg?resize=274%2C300&amp;ssl=1 274w\" sizes=\"auto, (max-width: 720px) 100vw, 720px\" \/><\/div><a class=\"wp-block-latest-posts__post-title\" href=\"https:\/\/merceyoga.com\/?p=765\">El Arte de la Felicidad #2 &#8211; Club de Lectura<\/a><div class=\"wp-block-latest-posts__post-excerpt\">Si te sumaste en esta entrega y todav\u00eda no le\u00edste la anterior, te dejo el enlace a la Bienvenida al Club de Lectura e Introducci\u00f3n&#8230; <a class=\"wp-block-latest-posts__read-more\" href=\"https:\/\/merceyoga.com\/?p=765\" rel=\"noopener noreferrer\">Lee m\u00e1s<span class=\"screen-reader-text\">: El Arte de la Felicidad #2 &#8211; Club de Lectura<\/span><\/a><\/div><\/li>\n<li><a class=\"wp-block-latest-posts__post-title\" href=\"https:\/\/merceyoga.com\/?p=746\">Club de Lectura: El Arte de la Felicidad #1<\/a><div class=\"wp-block-latest-posts__post-excerpt\">Doy inicio a este -tan ansiado- espacio del Blog, compartiendo contigo la lectura del Libro \u201cEl Arte de la Felicidad\u201d escrito&nbsp; a lo largo de&#8230; <a class=\"wp-block-latest-posts__read-more\" href=\"https:\/\/merceyoga.com\/?p=746\" rel=\"noopener noreferrer\">Lee m\u00e1s<span class=\"screen-reader-text\">: Club de Lectura: El Arte de la Felicidad #1<\/span><\/a><\/div><\/li>\n<li><a class=\"wp-block-latest-posts__post-title\" href=\"https:\/\/merceyoga.com\/?p=692\">Sobre una pr\u00e1ctica personal<\/a><div class=\"wp-block-latest-posts__post-excerpt\">Casi nunca grabo mi pr\u00e1ctica personal m\u00e1s que por autoestudio y casi nunca la publico.Pero no s\u00e9, est\u00e1 vez es distinto.Hay algo en este flow&#8230; <a class=\"wp-block-latest-posts__read-more\" href=\"https:\/\/merceyoga.com\/?p=692\" rel=\"noopener noreferrer\">Lee m\u00e1s<span class=\"screen-reader-text\">: Sobre una pr\u00e1ctica personal<\/span><\/a><\/div><\/li>\n<li><a class=\"wp-block-latest-posts__post-title\" href=\"https:\/\/merceyoga.com\/?p=686\">Yoga Nidra &amp; Yin Yoga<\/a><div class=\"wp-block-latest-posts__post-excerpt\">El S\u00e1bado pasado compartimos la clase de Yin Yoga &amp; Yoga Nidra con&nbsp;@silcandido&nbsp;y fue una preciosa ma\u00f1ana en la que nos hemos sumergido al centro&#8230; <a class=\"wp-block-latest-posts__read-more\" href=\"https:\/\/merceyoga.com\/?p=686\" rel=\"noopener noreferrer\">Lee m\u00e1s<span class=\"screen-reader-text\">: Yoga Nidra &amp; Yin Yoga<\/span><\/a><\/div><\/li>\n<li><a class=\"wp-block-latest-posts__post-title\" href=\"https:\/\/merceyoga.com\/?p=666\">Sobre h\u00e1bitos, asanas, viajes y la vida misma&#8230;<\/a><div class=\"wp-block-latest-posts__post-excerpt\">Ya sabemos que muches nos contamos el cuento de que no tenemos tiempo, que queremos todo para ayer, que la ansiedad esto o aquello, que&#8230; <a class=\"wp-block-latest-posts__read-more\" href=\"https:\/\/merceyoga.com\/?p=666\" rel=\"noopener noreferrer\">Lee m\u00e1s<span class=\"screen-reader-text\">: Sobre h\u00e1bitos, asanas, viajes y la vida misma&#8230;<\/span><\/a><\/div><\/li>\n<li><a class=\"wp-block-latest-posts__post-title\" href=\"https:\/\/merceyoga.com\/?p=646\">Meditaci\u00f3n Nutritiva<\/a><div class=\"wp-block-latest-posts__post-excerpt\">Nosotras, Mujer Org\u00e1nica y Merc\u00e9 Yoga te queremos regalar un peque\u00f1o momento de calma y una gran herramienta para tu bienestar.\u00a0 Estas dos mujeres emprendedoras&#8230; <a class=\"wp-block-latest-posts__read-more\" href=\"https:\/\/merceyoga.com\/?p=646\" rel=\"noopener noreferrer\">Lee m\u00e1s<span class=\"screen-reader-text\">: Meditaci\u00f3n Nutritiva<\/span><\/a><\/div><\/li>\n<li><a class=\"wp-block-latest-posts__post-title\" href=\"https:\/\/merceyoga.com\/?p=630\">Desde donde hablo cuando hablo del Yoga.<\/a><div class=\"wp-block-latest-posts__post-excerpt\">Una de las ense\u00f1anzas que m\u00e1s atesoro y procuro perpetuar es la de ver las cosas con perspectiva.\u00bfDe d\u00f3nde surge esta reacci\u00f3n, esta emoci\u00f3n, esta&#8230; <a class=\"wp-block-latest-posts__read-more\" href=\"https:\/\/merceyoga.com\/?p=630\" rel=\"noopener noreferrer\">Lee m\u00e1s<span class=\"screen-reader-text\">: Desde donde hablo cuando hablo del Yoga.<\/span><\/a><\/div><\/li>\n<li><a class=\"wp-block-latest-posts__post-title\" href=\"https:\/\/merceyoga.com\/?p=1048\">Sobre m\u00ed y la llegada a los mundos<\/a><div class=\"wp-block-latest-posts__post-excerpt\">Nac\u00ed en Argentina hace casi 33 a\u00f1os. Crec\u00ed con una vida de barrio, tardes de juegos, toda la actividad f\u00edsica posible, mucha naturaleza y unas&#8230; <a class=\"wp-block-latest-posts__read-more\" href=\"https:\/\/merceyoga.com\/?p=1048\" rel=\"noopener noreferrer\">Lee m\u00e1s<span class=\"screen-reader-text\">: Sobre m\u00ed y la llegada a los mundos<\/span><\/a><\/div><\/li>\n<\/ul>\n\n\n<hr class=\"wp-block-separator has-css-opacity is-style-wide\"\/>\n\n\n\n<h3 class=\"has-text-align-left wp-block-heading\">Sigue mi blog<\/h3>\n\n\n\n<p class=\"has-text-align-left\">Recibe nuevo contenido directamente en tu bandeja de entrada.<\/p>\n\n\n<div class=\"wp-block-jetpack-contact-form\"><a href=\"https:\/\/merceyoga.com\/?page_id=7\" target=\"_blank\" rel=\"noopener noreferrer\">Env\u00eda un formulario.<\/a><\/div>","protected":false},"excerpt":{"rendered":"<p>Sigue mi blog Recibe nuevo contenido directamente en tu bandeja de entrada.<\/p>\n","protected":false},"author":2,"featured_media":0,"parent":0,"menu_order":0,"comment_status":"closed","ping_status":"closed","template":"","meta":{"footnotes":""},"class_list":["post-7","page","type-page","status-publish","hentry"],"jetpack-related-posts":[{"id":1047,"url":"https:\/\/merceyoga.com\/?page_id=1047","url_meta":{"origin":7,"position":0},"title":"Yoga con Merc\u00e9","date":"febrero 17, 2021","format":false,"excerpt":"Yoga & Budismo herramientas de auto-conocimiento. Propuestas de calma, bienestar, contento y amor. Merc\u00e9 & Yoga Brindo espacios de pr\u00e1ctica, estudio, auto exploraci\u00f3n y conocimiento desde la \u00a0perspectiva del yoga y budismo. Las clases son espacios de aprendizaje respetuoso, gentil y suave para integrar la pr\u00e1ctica a la vida diaria\u2026","rel":"","context":"Entrada similar","img":{"alt_text":"","src":"https:\/\/i0.wp.com\/merceyoga.com\/wp-content\/uploads\/2021\/03\/meditacion.png?resize=350%2C200&ssl=1","width":350,"height":200},"classes":[]},{"id":967,"url":"https:\/\/merceyoga.com\/?page_id=967","url_meta":{"origin":7,"position":1},"title":"Clases de Yoga en V\u00eddeo","date":"febrero 16, 2022","format":false,"excerpt":"Para que puedas realizar en la comodidad de tu espacio, al tiempo que m\u00e1s se ajuste a tus necesidades y tener un acompa\u00f1amiento en tus clases. Te dejo aqu\u00ed el acceso a una clase de yoga restaurativa en v\u00eddeo https:\/\/www.youtube.com\/watch?v=YuzlyLXucpY Si te interesa recibir en tu correo una clase en\u2026","rel":"","context":"Entrada similar","img":{"alt_text":"","src":"https:\/\/i0.wp.com\/merceyoga.com\/wp-content\/uploads\/2023\/02\/IMG_20221215_180700504_MP-scaled.jpg?resize=350%2C200&ssl=1","width":350,"height":200},"classes":[]},{"id":895,"url":"https:\/\/merceyoga.com\/?page_id=895","url_meta":{"origin":7,"position":2},"title":"Filosof\u00eda del Yoga","date":"noviembre 4, 2021","format":false,"excerpt":"<<Volver a la p\u00e1gina de Inicio del Curso << Podemos ver el Yoga como un \u00e1rbol que crece buscando siempre el camino hacia la luz clara y nutritiva del sol. Las ra\u00edces de todo lo que nos propongamos en el camino del crecimiento a una vida espiritual son: el autoestudio,\u2026","rel":"","context":"Entrada similar","img":{"alt_text":"","src":"https:\/\/i0.wp.com\/merceyoga.com\/wp-content\/uploads\/2021\/11\/samuel-austin-s_tioyyuiji-unsplash-e1636040122597-scaled.jpg?fit=1200%2C321&ssl=1&resize=350%2C200","width":350,"height":200},"classes":[]},{"id":1292,"url":"https:\/\/merceyoga.com\/?page_id=1292","url_meta":{"origin":7,"position":3},"title":"Yoga Restaurativo","date":"septiembre 26, 2023","format":false,"excerpt":"El Yoga restaurativo es un estilo que procura la salud de la columna vertebral en una pr\u00e1ctica sumamente relajante y terap\u00e9utica. Se utilizan diferentes elementos como sost\u00e9n para permanecer en el asana sin sobre-esfuerzos y ayudar al cuerpo a encontrar la posibilidad de relajarse para recibir los grandes beneficios que\u2026","rel":"","context":"Entrada similar","img":{"alt_text":"","src":"https:\/\/i0.wp.com\/merceyoga.com\/wp-content\/uploads\/2023\/09\/Screenshot_20201114-140745-1.jpg?resize=350%2C200&ssl=1","width":350,"height":200},"classes":[]},{"id":9,"url":"https:\/\/merceyoga.com\/?page_id=9","url_meta":{"origin":7,"position":4},"title":"Acerca de m\u00ed","date":"febrero 17, 2021","format":false,"excerpt":"Soy Merc\u00e9.Tengo 35 a\u00f1os. Nac\u00ed en Argentina. Si, tengo nombre Catal\u00e1n Vivo en Barcelona desde junio 2018 Mi pasi\u00f3n es la naturaleza, la comunicaci\u00f3n y la uni\u00f3n de mundos. El estudio de la mente desde la perspectiva del Yoga es lo que me ocupa desde hace tiempo. Mi vida laboral\u2026","rel":"","context":"Entrada similar","img":{"alt_text":"","src":"https:\/\/i0.wp.com\/merceyoga.com\/wp-content\/uploads\/2021\/03\/img_20201211_161226964_hdr-1-scaled.jpg?resize=350%2C200&ssl=1","width":350,"height":200},"classes":[]}],"_links":{"self":[{"href":"https:\/\/merceyoga.com\/index.php?rest_route=\/wp\/v2\/pages\/7","targetHints":{"allow":["GET"]}}],"collection":[{"href":"https:\/\/merceyoga.com\/index.php?rest_route=\/wp\/v2\/pages"}],"about":[{"href":"https:\/\/merceyoga.com\/index.php?rest_route=\/wp\/v2\/types\/page"}],"author":[{"embeddable":true,"href":"https:\/\/merceyoga.com\/index.php?rest_route=\/wp\/v2\/users\/2"}],"replies":[{"embeddable":true,"href":"https:\/\/merceyoga.com\/index.php?rest_route=%2Fwp%2Fv2%2Fcomments&post=7"}],"version-history":[{"count":5,"href":"https:\/\/merceyoga.com\/index.php?rest_route=\/wp\/v2\/pages\/7\/revisions"}],"predecessor-version":[{"id":1185,"href":"https:\/\/merceyoga.com\/index.php?rest_route=\/wp\/v2\/pages\/7\/revisions\/1185"}],"wp:attachment":[{"href":"https:\/\/merceyoga.com\/index.php?rest_route=%2Fwp%2Fv2%2Fmedia&parent=7"}],"curies":[{"name":"wp","href":"https:\/\/api.w.org\/{rel}","templated":true}]}}