{"id":171,"date":"2021-03-03T17:28:17","date_gmt":"2021-03-03T16:28:17","guid":{"rendered":"https:\/\/merceyoga.wordpress.com\/?page_id=171"},"modified":"2023-09-26T20:04:56","modified_gmt":"2023-09-26T18:04:56","slug":"yoga-nidra","status":"publish","type":"page","link":"https:\/\/merceyoga.com\/?page_id=171","title":{"rendered":"Yoga Nidra"},"content":{"rendered":"\n<div class=\"wp-block-columns is-layout-flex wp-container-core-columns-is-layout-28f84493 wp-block-columns-is-layout-flex\">\n<div class=\"wp-block-column is-layout-flow wp-block-column-is-layout-flow\">\n<blockquote class=\"wp-block-quote is-style-large is-layout-flow wp-block-quote-is-layout-flow\">\n<p>Es un m\u00e9todo sistem\u00e1tico para inducir una completa <strong>relajaci\u00f3n f\u00edsica, metal y emocional<\/strong>, mientras que la consciencia se mantiene <strong>presente<\/strong> entre el <strong>sue\u00f1o<\/strong> y la <strong>vigilia<\/strong>. <\/p>\n<cite>Yoga Nidra &#8211; Swami Satyananda Saraswati<\/cite><\/blockquote>\n<\/div>\n\n\n\n<div class=\"wp-block-column is-layout-flow wp-block-column-is-layout-flow\">\n<figure class=\"wp-block-image size-large is-resized is-style-rounded\"><img loading=\"lazy\" decoding=\"async\" src=\"https:\/\/i0.wp.com\/merceyoga.com\/wp-content\/uploads\/2021\/03\/p8041767.jpg?resize=425%2C318\" alt=\"\" class=\"wp-image-232\" style=\"width:425px;height:318px\" width=\"425\" height=\"318\" data-recalc-dims=\"1\" \/><\/figure>\n<\/div>\n<\/div>\n\n\n\n<p class=\"has-text-align-center\">En el ritmo de la vida actual vamos tan ocupados de vivir y sobrevivir que nos olvidamos de tomar un momento de calma para nosotros.<\/p>\n\n\n\n<p>Una sesi\u00f3n de Yoga Nidra, equivale a 4 horas de sue\u00f1o profundo. <br>Es una invitaci\u00f3n a sumergirnos en una profunda sensaci\u00f3n de descanso y relajaci\u00f3n en distintos niveles de nuestro cuerpo. <\/p>\n\n\n\n<p><br>Para poder habitarnos por dentro, en lugar de estar constantemente habitando el afuera,  trabajamos en llevar nuestra atenci\u00f3n hacia nuestro interior, sosteniendo la concentraci\u00f3n y suspendiendo todo estimulo sensorial que no sea el o\u00eddo que oye las gu\u00eda. <\/p>\n\n\n\n<h4 class=\"wp-block-heading has-text-align-center\" id=\"block-d4abe95f-34f9-435a-96fe-5e461eb7dfbf\">Pr\u00e1cticas de Yoga Nidra Online y Presenciales en Barcelona<\/h4>\n\n\n\n<h5 class=\"wp-block-heading\">\u00bfQu\u00e9 es Yoga Nidra y qu\u00e9 beneficios tiene?<\/h5>\n\n\n\n<p>Una t\u00e9cnica con la que podr\u00e1s abstraerte de los sentidos y sumergirte en el profundo estado liminal, all\u00ed donde el consciente se conecta con lo on\u00edrico y nacen <strong>TUS SUE\u00d1OS.<\/strong><\/p>\n\n\n\n<p>Ser testigo nos permite descubrir un proceso \u00fanico y personal que nos ense\u00f1a a <strong>observar la naturaleza<\/strong> de las creencias que definen nuestra identidad y nos hacen concebir el mundo que nos rodea.<\/p>\n\n\n\n<hr class=\"wp-block-separator has-text-color has-primary-color has-css-opacity has-primary-background-color has-background is-style-dots\"\/>\n\n\n\n<h3 class=\"wp-block-heading\">Otras Disciplinas<\/h3>\n\n\n\n<div class=\"wp-block-group alignfull is-layout-flow wp-block-group-is-layout-flow\">\n<div class=\"wp-block-columns alignfull is-layout-flex wp-container-core-columns-is-layout-28f84493 wp-block-columns-is-layout-flex\">\n<div class=\"wp-block-column is-layout-flow wp-block-column-is-layout-flow\">\n<figure class=\"wp-block-image size-large\"><a href=\"http:\/\/merceyoga.com\/?page_id=169\"><img loading=\"lazy\" decoding=\"async\" width=\"1080\" height=\"1080\" src=\"https:\/\/i0.wp.com\/merceyoga.com\/wp-content\/uploads\/2021\/03\/meditacion.png?resize=1080%2C1080\" alt=\"Clases de Meditaci\u00f3n Online y Presenciales en Barcelona y Castelldefels.\" class=\"wp-image-468\" srcset=\"https:\/\/i0.wp.com\/merceyoga.com\/wp-content\/uploads\/2021\/03\/meditacion.png?w=1080&amp;ssl=1 1080w, https:\/\/i0.wp.com\/merceyoga.com\/wp-content\/uploads\/2021\/03\/meditacion.png?resize=300%2C300&amp;ssl=1 300w, https:\/\/i0.wp.com\/merceyoga.com\/wp-content\/uploads\/2021\/03\/meditacion.png?resize=1024%2C1024&amp;ssl=1 1024w, https:\/\/i0.wp.com\/merceyoga.com\/wp-content\/uploads\/2021\/03\/meditacion.png?resize=150%2C150&amp;ssl=1 150w, https:\/\/i0.wp.com\/merceyoga.com\/wp-content\/uploads\/2021\/03\/meditacion.png?resize=768%2C768&amp;ssl=1 768w\" sizes=\"auto, (max-width: 1000px) 100vw, 1000px\" data-recalc-dims=\"1\" \/><\/a><\/figure>\n<\/div>\n\n\n\n<div class=\"wp-block-column is-layout-flow wp-block-column-is-layout-flow\">\n<figure class=\"wp-block-image size-large\"><a href=\"http:\/\/merceyoga.com\/?page_id=170\"><img loading=\"lazy\" decoding=\"async\" width=\"1080\" height=\"1080\" src=\"https:\/\/i0.wp.com\/merceyoga.com\/wp-content\/uploads\/2021\/03\/1.png?resize=1080%2C1080\" alt=\"Clases de Hatha Yoga Vinyasa Krama Online y Presenciales en Barcelona y Castelldefels.\" class=\"wp-image-464\" srcset=\"https:\/\/i0.wp.com\/merceyoga.com\/wp-content\/uploads\/2021\/03\/1.png?w=1080&amp;ssl=1 1080w, https:\/\/i0.wp.com\/merceyoga.com\/wp-content\/uploads\/2021\/03\/1.png?resize=300%2C300&amp;ssl=1 300w, https:\/\/i0.wp.com\/merceyoga.com\/wp-content\/uploads\/2021\/03\/1.png?resize=1024%2C1024&amp;ssl=1 1024w, https:\/\/i0.wp.com\/merceyoga.com\/wp-content\/uploads\/2021\/03\/1.png?resize=150%2C150&amp;ssl=1 150w, https:\/\/i0.wp.com\/merceyoga.com\/wp-content\/uploads\/2021\/03\/1.png?resize=768%2C768&amp;ssl=1 768w\" sizes=\"auto, (max-width: 1000px) 100vw, 1000px\" data-recalc-dims=\"1\" \/><\/a><\/figure>\n<\/div>\n\n\n\n<div class=\"wp-block-column is-layout-flow wp-block-column-is-layout-flow\">\n<figure class=\"wp-block-image size-large\"><img loading=\"lazy\" decoding=\"async\" width=\"1024\" height=\"1024\" src=\"https:\/\/i0.wp.com\/merceyoga.com\/wp-content\/uploads\/2023\/09\/MEDITACION-1-1024x1024.png?resize=1024%2C1024&#038;ssl=1\" alt=\"Clases de Yoga Restaurativo Online y Presenciales en Barcelona y Castelldefels.\" class=\"wp-image-1286\" srcset=\"https:\/\/i0.wp.com\/merceyoga.com\/wp-content\/uploads\/2023\/09\/MEDITACION-1.png?resize=1024%2C1024&amp;ssl=1 1024w, https:\/\/i0.wp.com\/merceyoga.com\/wp-content\/uploads\/2023\/09\/MEDITACION-1.png?resize=300%2C300&amp;ssl=1 300w, https:\/\/i0.wp.com\/merceyoga.com\/wp-content\/uploads\/2023\/09\/MEDITACION-1.png?resize=150%2C150&amp;ssl=1 150w, https:\/\/i0.wp.com\/merceyoga.com\/wp-content\/uploads\/2023\/09\/MEDITACION-1.png?resize=768%2C768&amp;ssl=1 768w, https:\/\/i0.wp.com\/merceyoga.com\/wp-content\/uploads\/2023\/09\/MEDITACION-1.png?w=1080&amp;ssl=1 1080w\" sizes=\"auto, (max-width: 1000px) 100vw, 1000px\" data-recalc-dims=\"1\" \/><\/figure>\n<\/div>\n\n\n\n<div class=\"wp-block-column is-layout-flow wp-block-column-is-layout-flow\">\n<figure class=\"wp-block-image size-large\"><a href=\"http:\/\/merceyoga.com\/?page_id=171\"><img loading=\"lazy\" decoding=\"async\" width=\"1080\" height=\"1080\" src=\"https:\/\/i0.wp.com\/merceyoga.com\/wp-content\/uploads\/2021\/03\/3.png?resize=1080%2C1080\" alt=\"Clases de Yoga Nidra Online y Presenciales en Barcelona y Castelldefels.\" class=\"wp-image-466\" srcset=\"https:\/\/i0.wp.com\/merceyoga.com\/wp-content\/uploads\/2021\/03\/3.png?w=1080&amp;ssl=1 1080w, https:\/\/i0.wp.com\/merceyoga.com\/wp-content\/uploads\/2021\/03\/3.png?resize=300%2C300&amp;ssl=1 300w, https:\/\/i0.wp.com\/merceyoga.com\/wp-content\/uploads\/2021\/03\/3.png?resize=1024%2C1024&amp;ssl=1 1024w, https:\/\/i0.wp.com\/merceyoga.com\/wp-content\/uploads\/2021\/03\/3.png?resize=150%2C150&amp;ssl=1 150w, https:\/\/i0.wp.com\/merceyoga.com\/wp-content\/uploads\/2021\/03\/3.png?resize=768%2C768&amp;ssl=1 768w\" sizes=\"auto, (max-width: 1000px) 100vw, 1000px\" data-recalc-dims=\"1\" \/><\/a><\/figure>\n\n\n\n<p><\/p>\n<\/div>\n<\/div>\n<\/div>\n\n\n\n<div class=\"wp-block-group alignfull has-tertiary-background-color has-background is-layout-flow wp-block-group-is-layout-flow\">\n<div class=\"wp-block-jetpack-layout-grid alignfull column1-desktop-grid__span-6 column1-desktop-grid__row-1 column2-desktop-grid__span-6 column2-desktop-grid__start-7 column2-desktop-grid__row-1 column1-tablet-grid__span-4 column1-tablet-grid__row-1 column2-tablet-grid__span-4 column2-tablet-grid__start-5 column2-tablet-grid__row-1 column1-mobile-grid__span-4 column1-mobile-grid__row-1 column2-mobile-grid__span-4 column2-mobile-grid__row-2 wp-block-jetpack-layout-gutter__nowrap are-vertically-aligned-center wp-block-jetpack-layout-gutter__none\">\n<div class=\"wp-block-jetpack-layout-grid-column wp-block-jetpack-layout-grid__padding-none is-vertically-aligned-center\">\n<p class=\"has-text-align-left has-contrast-color has-tertiary-background-color has-text-color has-background has-small-font-size\">\u00bfQuieres disfrutar de sesiones gratuitas con env\u00edos mensuales?<br><br><strong><a href=\"https:\/\/t.me\/joinchat\/tD-1PifFzrlkNDFk\">S\u00fascribete a mi canal de T\u00e9legram  \u2b95<\/a><\/strong><\/p>\n<\/div>\n\n\n\n<div class=\"wp-block-jetpack-layout-grid-column wp-block-jetpack-layout-grid__padding-none has-background has-tertiary-background-color is-vertically-aligned-center\">\n<figure class=\"wp-block-image aligncenter size-large is-resized is-style-rounded\"><a href=\"https:\/\/t.me\/joinchat\/tD-1PifFzrlkNDFk\"><img loading=\"lazy\" decoding=\"async\" src=\"https:\/\/i0.wp.com\/merceyoga.com\/wp-content\/uploads\/2021\/03\/kisspng-telegram-encapsulated-postscript-transfer-5b17060586a686.1271014115282355255515.png?resize=179%2C179\" alt=\"\" class=\"wp-image-288\" width=\"179\" height=\"179\" srcset=\"https:\/\/i0.wp.com\/merceyoga.com\/wp-content\/uploads\/2021\/03\/kisspng-telegram-encapsulated-postscript-transfer-5b17060586a686.1271014115282355255515.png?w=512&amp;ssl=1 512w, https:\/\/i0.wp.com\/merceyoga.com\/wp-content\/uploads\/2021\/03\/kisspng-telegram-encapsulated-postscript-transfer-5b17060586a686.1271014115282355255515.png?resize=300%2C300&amp;ssl=1 300w, https:\/\/i0.wp.com\/merceyoga.com\/wp-content\/uploads\/2021\/03\/kisspng-telegram-encapsulated-postscript-transfer-5b17060586a686.1271014115282355255515.png?resize=150%2C150&amp;ssl=1 150w\" sizes=\"auto, (max-width: 179px) 100vw, 179px\" data-recalc-dims=\"1\" \/><\/a><\/figure>\n<\/div>\n<\/div>\n<\/div>\n\n\n","protected":false},"excerpt":{"rendered":"<p>Es un m\u00e9todo sistem\u00e1tico para inducir una completa relajaci\u00f3n f\u00edsica, metal y emocional, mientras que la consciencia se mantiene presente entre el sue\u00f1o y la vigilia. En el ritmo de la vida actual vamos tan ocupados de vivir y sobrevivir que nos olvidamos de tomar un momento de calma para nosotros. Una sesi\u00f3n de Yoga [&hellip;]<\/p>\n","protected":false},"author":2,"featured_media":0,"parent":586,"menu_order":0,"comment_status":"closed","ping_status":"closed","template":"","meta":{"footnotes":""},"class_list":["post-171","page","type-page","status-publish","hentry"],"jetpack-related-posts":[{"id":1047,"url":"https:\/\/merceyoga.com\/?page_id=1047","url_meta":{"origin":171,"position":0},"title":"Yoga con Merc\u00e9","date":"febrero 17, 2021","format":false,"excerpt":"Yoga & Budismo herramientas de auto-conocimiento. Propuestas de calma, bienestar, contento y amor. Merc\u00e9 & Yoga Brindo espacios de pr\u00e1ctica, estudio, auto exploraci\u00f3n y conocimiento desde la \u00a0perspectiva del yoga y budismo. Las clases son espacios de aprendizaje respetuoso, gentil y suave para integrar la pr\u00e1ctica a la vida diaria\u2026","rel":"","context":"Entrada similar","img":{"alt_text":"","src":"https:\/\/i0.wp.com\/merceyoga.com\/wp-content\/uploads\/2021\/03\/meditacion.png?resize=350%2C200&ssl=1","width":350,"height":200},"classes":[]},{"id":9,"url":"https:\/\/merceyoga.com\/?page_id=9","url_meta":{"origin":171,"position":1},"title":"Acerca de m\u00ed","date":"febrero 17, 2021","format":false,"excerpt":"Soy Merc\u00e9.Tengo 35 a\u00f1os. Nac\u00ed en Argentina. Si, tengo nombre Catal\u00e1n Vivo en Barcelona desde junio 2018 Mi pasi\u00f3n es la naturaleza, la comunicaci\u00f3n y la uni\u00f3n de mundos. El estudio de la mente desde la perspectiva del Yoga es lo que me ocupa desde hace tiempo. Mi vida laboral\u2026","rel":"","context":"Entrada similar","img":{"alt_text":"","src":"https:\/\/i0.wp.com\/merceyoga.com\/wp-content\/uploads\/2021\/03\/img_20201211_161226964_hdr-1-scaled.jpg?resize=350%2C200&ssl=1","width":350,"height":200},"classes":[]},{"id":967,"url":"https:\/\/merceyoga.com\/?page_id=967","url_meta":{"origin":171,"position":2},"title":"Clases de Yoga en V\u00eddeo","date":"febrero 16, 2022","format":false,"excerpt":"Para que puedas realizar en la comodidad de tu espacio, al tiempo que m\u00e1s se ajuste a tus necesidades y tener un acompa\u00f1amiento en tus clases. Te dejo aqu\u00ed el acceso a una clase de yoga restaurativa en v\u00eddeo https:\/\/www.youtube.com\/watch?v=YuzlyLXucpY Si te interesa recibir en tu correo una clase en\u2026","rel":"","context":"Entrada similar","img":{"alt_text":"","src":"https:\/\/i0.wp.com\/merceyoga.com\/wp-content\/uploads\/2023\/02\/IMG_20221215_180700504_MP-scaled.jpg?resize=350%2C200&ssl=1","width":350,"height":200},"classes":[]},{"id":132,"url":"https:\/\/merceyoga.com\/?page_id=132","url_meta":{"origin":171,"position":3},"title":"Clases de Yoga Presenciales","date":"marzo 2, 2021","format":false,"excerpt":"Traer yoga a nuestra vida cotidiana nos permite reconocerque no hay divisi\u00f3n entre una cosa y otra. Clases de yoga en Castelldefels. Ponte en contacto para reservar tu plaza en las clases de yoga en Castelldefels. Chat en WhatsApp > Clases de Yoga Privadas En un encuentro personal entre tu\u2026","rel":"","context":"Entrada similar","img":{"alt_text":"","src":"https:\/\/i0.wp.com\/merceyoga.com\/wp-content\/uploads\/2024\/02\/Yoga-en-ARAYA.png?resize=350%2C200&ssl=1","width":350,"height":200},"classes":[]},{"id":1292,"url":"https:\/\/merceyoga.com\/?page_id=1292","url_meta":{"origin":171,"position":4},"title":"Yoga Restaurativo","date":"septiembre 26, 2023","format":false,"excerpt":"El Yoga restaurativo es un estilo que procura la salud de la columna vertebral en una pr\u00e1ctica sumamente relajante y terap\u00e9utica. Se utilizan diferentes elementos como sost\u00e9n para permanecer en el asana sin sobre-esfuerzos y ayudar al cuerpo a encontrar la posibilidad de relajarse para recibir los grandes beneficios que\u2026","rel":"","context":"Entrada similar","img":{"alt_text":"","src":"https:\/\/i0.wp.com\/merceyoga.com\/wp-content\/uploads\/2023\/09\/Screenshot_20201114-140745-1.jpg?resize=350%2C200&ssl=1","width":350,"height":200},"classes":[]},{"id":1272,"url":"https:\/\/merceyoga.com\/?page_id=1272","url_meta":{"origin":171,"position":5},"title":"Yoga de Escritorio","date":"septiembre 22, 2023","format":false,"excerpt":"Para trabajadores de oficina o en home office, estudiantes y dem\u00e1s personas que pasan horas al d\u00eda sentadxs y frente a pantallas. Clases de 30 minutosSe trabaja el cuerpo y la mente para compensar, mejorar y potenciar la experiencia en el escritorio. Movimientos y ejercicios f\u00edsicos, estiramientospr\u00e1cticas de concentraci\u00f3n y\u2026","rel":"","context":"Entrada similar","img":{"alt_text":"","src":"https:\/\/i0.wp.com\/merceyoga.com\/wp-content\/uploads\/2023\/02\/IMG_20221215_180700504_MP-scaled.jpg?resize=350%2C200&ssl=1","width":350,"height":200},"classes":[]}],"_links":{"self":[{"href":"https:\/\/merceyoga.com\/index.php?rest_route=\/wp\/v2\/pages\/171","targetHints":{"allow":["GET"]}}],"collection":[{"href":"https:\/\/merceyoga.com\/index.php?rest_route=\/wp\/v2\/pages"}],"about":[{"href":"https:\/\/merceyoga.com\/index.php?rest_route=\/wp\/v2\/types\/page"}],"author":[{"embeddable":true,"href":"https:\/\/merceyoga.com\/index.php?rest_route=\/wp\/v2\/users\/2"}],"replies":[{"embeddable":true,"href":"https:\/\/merceyoga.com\/index.php?rest_route=%2Fwp%2Fv2%2Fcomments&post=171"}],"version-history":[{"count":5,"href":"https:\/\/merceyoga.com\/index.php?rest_route=\/wp\/v2\/pages\/171\/revisions"}],"predecessor-version":[{"id":1311,"href":"https:\/\/merceyoga.com\/index.php?rest_route=\/wp\/v2\/pages\/171\/revisions\/1311"}],"up":[{"embeddable":true,"href":"https:\/\/merceyoga.com\/index.php?rest_route=\/wp\/v2\/pages\/586"}],"wp:attachment":[{"href":"https:\/\/merceyoga.com\/index.php?rest_route=%2Fwp%2Fv2%2Fmedia&parent=171"}],"curies":[{"name":"wp","href":"https:\/\/api.w.org\/{rel}","templated":true}]}}