{"id":169,"date":"2021-03-03T17:28:13","date_gmt":"2021-03-03T16:28:13","guid":{"rendered":"https:\/\/merceyoga.wordpress.com\/?page_id=169"},"modified":"2023-09-26T20:07:14","modified_gmt":"2023-09-26T18:07:14","slug":"meditacion","status":"publish","type":"page","link":"https:\/\/merceyoga.com\/?page_id=169","title":{"rendered":"Meditaci\u00f3n  &amp; Atenci\u00f3n Plena"},"content":{"rendered":"\n<div class=\"wp-block-columns is-layout-flex wp-container-core-columns-is-layout-28f84493 wp-block-columns-is-layout-flex\">\n<div class=\"wp-block-column is-layout-flow wp-block-column-is-layout-flow\">\n<blockquote class=\"wp-block-quote has-text-align-center is-style-large is-layout-flow wp-block-quote-is-layout-flow\">\n<p><br>\u00abEs un proceso que <br>no puede ser forzado; \u00fanicamente puede prepararse la situaci\u00f3n adecuada para que la meditaci\u00f3n suceda\u00bb<\/p>\n<cite>Del libro Claves del Yoga &#8211; Danilo Hern\u00e1ndez<\/cite><\/blockquote>\n<\/div>\n\n\n\n<div class=\"wp-block-column is-layout-flow wp-block-column-is-layout-flow\">\n<figure class=\"wp-block-image size-large is-style-rounded\"><img loading=\"lazy\" decoding=\"async\" width=\"1184\" height=\"888\" src=\"https:\/\/i0.wp.com\/merceyoga.com\/wp-content\/uploads\/2021\/03\/meditacion.jpg?resize=1184%2C888\" alt=\"\" class=\"wp-image-183\" srcset=\"https:\/\/i0.wp.com\/merceyoga.com\/wp-content\/uploads\/2021\/03\/meditacion.jpg?w=1184&amp;ssl=1 1184w, https:\/\/i0.wp.com\/merceyoga.com\/wp-content\/uploads\/2021\/03\/meditacion.jpg?resize=300%2C225&amp;ssl=1 300w, https:\/\/i0.wp.com\/merceyoga.com\/wp-content\/uploads\/2021\/03\/meditacion.jpg?resize=1024%2C768&amp;ssl=1 1024w, https:\/\/i0.wp.com\/merceyoga.com\/wp-content\/uploads\/2021\/03\/meditacion.jpg?resize=768%2C576&amp;ssl=1 768w\" sizes=\"auto, (max-width: 1000px) 100vw, 1000px\" data-recalc-dims=\"1\" \/><\/figure>\n\n\n\n<p><\/p>\n<\/div>\n<\/div>\n\n\n\n<hr class=\"wp-block-separator has-css-opacity\"\/>\n\n\n\n<p>En mis propuestas de meditaci\u00f3n, realizamos el trabajo de enfocar la mente para poder profundizar en nuestra atenci\u00f3n plena e ir procurando un terreno amoroso, de escucha y bienvenida a la experiencia meditativa. <\/p>\n\n\n\n<p>Podemos practicar juntxs Online y de Forma presencial<\/p>\n\n\n\n<hr class=\"wp-block-separator has-css-opacity\"\/>\n\n\n\n<h5 class=\"wp-block-heading\">\u00bfQuer\u00e9s meditar y TE CUESTA? <\/h5>\n\n\n\n<p>Te invito a que le quites la presi\u00f3n de la grandilocuencia del nombre y te sumerjas a una experiencia sin expectativa y  sin juicio.  <br><br>No te preocupes, por suerte, alguien ya estuvo en ese lugar y muchxs maestrxs nos han procurado de opciones, propuestas y trabajos con los que poco a poco podemos ir iluminando el camino que nos lleve a una atenci\u00f3n m\u00e1s presente. <\/p>\n\n\n\n<p>Estamos todxs en ello, y a aprendiendo a cada paso del camino. <\/p>\n\n\n\n<p>Y cru\u017aandonos a cada momento. <\/p>\n\n\n\n<h2 class=\"wp-block-heading\">Otras Disciplinas<\/h2>\n\n\n\n<div class=\"wp-block-group alignfull is-layout-flow wp-block-group-is-layout-flow\">\n<div class=\"wp-block-columns alignfull is-layout-flex wp-container-core-columns-is-layout-28f84493 wp-block-columns-is-layout-flex\">\n<div class=\"wp-block-column is-layout-flow wp-block-column-is-layout-flow\">\n<figure class=\"wp-block-image size-large\"><a href=\"http:\/\/merceyoga.com\/?page_id=169\"><img loading=\"lazy\" decoding=\"async\" width=\"1080\" height=\"1080\" src=\"https:\/\/i0.wp.com\/merceyoga.com\/wp-content\/uploads\/2021\/03\/meditacion.png?resize=1080%2C1080\" alt=\"Clases de Meditaci\u00f3n Online y Presenciales en Barcelona y Castelldefels.\" class=\"wp-image-468\" srcset=\"https:\/\/i0.wp.com\/merceyoga.com\/wp-content\/uploads\/2021\/03\/meditacion.png?w=1080&amp;ssl=1 1080w, https:\/\/i0.wp.com\/merceyoga.com\/wp-content\/uploads\/2021\/03\/meditacion.png?resize=300%2C300&amp;ssl=1 300w, https:\/\/i0.wp.com\/merceyoga.com\/wp-content\/uploads\/2021\/03\/meditacion.png?resize=1024%2C1024&amp;ssl=1 1024w, https:\/\/i0.wp.com\/merceyoga.com\/wp-content\/uploads\/2021\/03\/meditacion.png?resize=150%2C150&amp;ssl=1 150w, https:\/\/i0.wp.com\/merceyoga.com\/wp-content\/uploads\/2021\/03\/meditacion.png?resize=768%2C768&amp;ssl=1 768w\" sizes=\"auto, (max-width: 1000px) 100vw, 1000px\" data-recalc-dims=\"1\" \/><\/a><\/figure>\n<\/div>\n\n\n\n<div class=\"wp-block-column is-layout-flow wp-block-column-is-layout-flow\">\n<figure class=\"wp-block-image size-large\"><a href=\"http:\/\/merceyoga.com\/?page_id=170\"><img loading=\"lazy\" decoding=\"async\" width=\"1080\" height=\"1080\" src=\"https:\/\/i0.wp.com\/merceyoga.com\/wp-content\/uploads\/2021\/03\/1.png?resize=1080%2C1080\" alt=\"Clases de Hatha Yoga Vinyasa Krama Online y Presenciales en Barcelona y Castelldefels.\" class=\"wp-image-464\" srcset=\"https:\/\/i0.wp.com\/merceyoga.com\/wp-content\/uploads\/2021\/03\/1.png?w=1080&amp;ssl=1 1080w, https:\/\/i0.wp.com\/merceyoga.com\/wp-content\/uploads\/2021\/03\/1.png?resize=300%2C300&amp;ssl=1 300w, https:\/\/i0.wp.com\/merceyoga.com\/wp-content\/uploads\/2021\/03\/1.png?resize=1024%2C1024&amp;ssl=1 1024w, https:\/\/i0.wp.com\/merceyoga.com\/wp-content\/uploads\/2021\/03\/1.png?resize=150%2C150&amp;ssl=1 150w, https:\/\/i0.wp.com\/merceyoga.com\/wp-content\/uploads\/2021\/03\/1.png?resize=768%2C768&amp;ssl=1 768w\" sizes=\"auto, (max-width: 1000px) 100vw, 1000px\" data-recalc-dims=\"1\" \/><\/a><\/figure>\n<\/div>\n\n\n\n<div class=\"wp-block-column is-layout-flow wp-block-column-is-layout-flow\">\n<figure class=\"wp-block-image size-large\"><img loading=\"lazy\" decoding=\"async\" width=\"1024\" height=\"1024\" src=\"https:\/\/i0.wp.com\/merceyoga.com\/wp-content\/uploads\/2023\/09\/MEDITACION-1-1024x1024.png?resize=1024%2C1024&#038;ssl=1\" alt=\"Clases de Yoga Restaurativo Online y Presenciales en Barcelona y Castelldefels.\" class=\"wp-image-1286\" srcset=\"https:\/\/i0.wp.com\/merceyoga.com\/wp-content\/uploads\/2023\/09\/MEDITACION-1.png?resize=1024%2C1024&amp;ssl=1 1024w, https:\/\/i0.wp.com\/merceyoga.com\/wp-content\/uploads\/2023\/09\/MEDITACION-1.png?resize=300%2C300&amp;ssl=1 300w, https:\/\/i0.wp.com\/merceyoga.com\/wp-content\/uploads\/2023\/09\/MEDITACION-1.png?resize=150%2C150&amp;ssl=1 150w, https:\/\/i0.wp.com\/merceyoga.com\/wp-content\/uploads\/2023\/09\/MEDITACION-1.png?resize=768%2C768&amp;ssl=1 768w, https:\/\/i0.wp.com\/merceyoga.com\/wp-content\/uploads\/2023\/09\/MEDITACION-1.png?w=1080&amp;ssl=1 1080w\" sizes=\"auto, (max-width: 1000px) 100vw, 1000px\" data-recalc-dims=\"1\" \/><\/figure>\n<\/div>\n\n\n\n<div class=\"wp-block-column is-layout-flow wp-block-column-is-layout-flow\">\n<figure class=\"wp-block-image size-large\"><a href=\"http:\/\/merceyoga.com\/?page_id=171\"><img loading=\"lazy\" decoding=\"async\" width=\"1080\" height=\"1080\" src=\"https:\/\/i0.wp.com\/merceyoga.com\/wp-content\/uploads\/2021\/03\/3.png?resize=1080%2C1080\" alt=\"Clases de Yoga Nidra Online y Presenciales en Barcelona y Castelldefels.\" class=\"wp-image-466\" srcset=\"https:\/\/i0.wp.com\/merceyoga.com\/wp-content\/uploads\/2021\/03\/3.png?w=1080&amp;ssl=1 1080w, https:\/\/i0.wp.com\/merceyoga.com\/wp-content\/uploads\/2021\/03\/3.png?resize=300%2C300&amp;ssl=1 300w, https:\/\/i0.wp.com\/merceyoga.com\/wp-content\/uploads\/2021\/03\/3.png?resize=1024%2C1024&amp;ssl=1 1024w, https:\/\/i0.wp.com\/merceyoga.com\/wp-content\/uploads\/2021\/03\/3.png?resize=150%2C150&amp;ssl=1 150w, https:\/\/i0.wp.com\/merceyoga.com\/wp-content\/uploads\/2021\/03\/3.png?resize=768%2C768&amp;ssl=1 768w\" sizes=\"auto, (max-width: 1000px) 100vw, 1000px\" data-recalc-dims=\"1\" \/><\/a><\/figure>\n\n\n\n<p><\/p>\n<\/div>\n<\/div>\n<\/div>\n\n\n\n<div class=\"wp-block-group alignfull has-tertiary-background-color has-background is-layout-flow wp-block-group-is-layout-flow\">\n<div class=\"wp-block-jetpack-layout-grid alignfull column1-desktop-grid__span-6 column1-desktop-grid__row-1 column2-desktop-grid__span-6 column2-desktop-grid__start-7 column2-desktop-grid__row-1 column1-tablet-grid__span-4 column1-tablet-grid__row-1 column2-tablet-grid__span-4 column2-tablet-grid__start-5 column2-tablet-grid__row-1 column1-mobile-grid__span-4 column1-mobile-grid__row-1 column2-mobile-grid__span-4 column2-mobile-grid__row-2 wp-block-jetpack-layout-gutter__nowrap are-vertically-aligned-center wp-block-jetpack-layout-gutter__none\">\n<div class=\"wp-block-jetpack-layout-grid-column wp-block-jetpack-layout-grid__padding-none is-vertically-aligned-center\">\n<p class=\"has-text-align-left has-contrast-color has-tertiary-background-color has-text-color has-background has-small-font-size\">\u00bfQuieres disfrutar de sesiones gratuitas con env\u00edos mensuales?<br><br><strong><a href=\"https:\/\/t.me\/joinchat\/tD-1PifFzrlkNDFk\">S\u00fascribete a mi canal de T\u00e9legram  \u2b95<\/a><\/strong><\/p>\n<\/div>\n\n\n\n<div class=\"wp-block-jetpack-layout-grid-column wp-block-jetpack-layout-grid__padding-none has-background has-tertiary-background-color is-vertically-aligned-center\">\n<figure class=\"wp-block-image aligncenter size-large is-resized is-style-rounded\"><a href=\"https:\/\/t.me\/joinchat\/tD-1PifFzrlkNDFk\"><img loading=\"lazy\" decoding=\"async\" src=\"https:\/\/i0.wp.com\/merceyoga.com\/wp-content\/uploads\/2021\/03\/kisspng-telegram-encapsulated-postscript-transfer-5b17060586a686.1271014115282355255515.png?resize=179%2C179\" alt=\"\" class=\"wp-image-288\" width=\"179\" height=\"179\" srcset=\"https:\/\/i0.wp.com\/merceyoga.com\/wp-content\/uploads\/2021\/03\/kisspng-telegram-encapsulated-postscript-transfer-5b17060586a686.1271014115282355255515.png?w=512&amp;ssl=1 512w, https:\/\/i0.wp.com\/merceyoga.com\/wp-content\/uploads\/2021\/03\/kisspng-telegram-encapsulated-postscript-transfer-5b17060586a686.1271014115282355255515.png?resize=300%2C300&amp;ssl=1 300w, https:\/\/i0.wp.com\/merceyoga.com\/wp-content\/uploads\/2021\/03\/kisspng-telegram-encapsulated-postscript-transfer-5b17060586a686.1271014115282355255515.png?resize=150%2C150&amp;ssl=1 150w\" sizes=\"auto, (max-width: 179px) 100vw, 179px\" data-recalc-dims=\"1\" \/><\/a><\/figure>\n<\/div>\n<\/div>\n<\/div>\n\n\n","protected":false},"excerpt":{"rendered":"<p>\u00abEs un proceso que no puede ser forzado; \u00fanicamente puede prepararse la situaci\u00f3n adecuada para que la meditaci\u00f3n suceda\u00bb En mis propuestas de meditaci\u00f3n, realizamos el trabajo de enfocar la mente para poder profundizar en nuestra atenci\u00f3n plena e ir procurando un terreno amoroso, de escucha y bienvenida a la experiencia meditativa. Podemos practicar juntxs [&hellip;]<\/p>\n","protected":false},"author":2,"featured_media":0,"parent":586,"menu_order":0,"comment_status":"closed","ping_status":"closed","template":"","meta":{"footnotes":""},"class_list":["post-169","page","type-page","status-publish","hentry"],"jetpack-related-posts":[{"id":967,"url":"https:\/\/merceyoga.com\/?page_id=967","url_meta":{"origin":169,"position":0},"title":"Clases de Yoga en V\u00eddeo","date":"febrero 16, 2022","format":false,"excerpt":"Para que puedas realizar en la comodidad de tu espacio, al tiempo que m\u00e1s se ajuste a tus necesidades y tener un acompa\u00f1amiento en tus clases. Te dejo aqu\u00ed el acceso a una clase de yoga restaurativa en v\u00eddeo https:\/\/www.youtube.com\/watch?v=YuzlyLXucpY Si te interesa recibir en tu correo una clase en\u2026","rel":"","context":"Entrada similar","img":{"alt_text":"","src":"https:\/\/i0.wp.com\/merceyoga.com\/wp-content\/uploads\/2023\/02\/IMG_20221215_180700504_MP-scaled.jpg?resize=350%2C200&ssl=1","width":350,"height":200},"classes":[]},{"id":705,"url":"https:\/\/merceyoga.com\/?page_id=705","url_meta":{"origin":169,"position":1},"title":"Cursos &amp; Video-clases","date":"junio 9, 2021","format":false,"excerpt":"Estos cursos y clases est\u00e1n previamente grabados y se pueden adquirir a trav\u00e9s de la compra online. - Construye tu pr\u00e1ctica - Curso para Principiantes Un curso en donde iremos paso a paso sentando las bases para que luego puedas llevar lo aprendido a tu propia vida y a toda\u2026","rel":"","context":"Entrada similar","img":{"alt_text":"","src":"https:\/\/i0.wp.com\/merceyoga.com\/wp-content\/uploads\/2021\/06\/yogaprincipiantes.jpg?resize=350%2C200&ssl=1","width":350,"height":200},"classes":[]},{"id":9,"url":"https:\/\/merceyoga.com\/?page_id=9","url_meta":{"origin":169,"position":2},"title":"Acerca de m\u00ed","date":"febrero 17, 2021","format":false,"excerpt":"Soy Merc\u00e9.Tengo 35 a\u00f1os. Nac\u00ed en Argentina. Si, tengo nombre Catal\u00e1n Vivo en Barcelona desde junio 2018 Mi pasi\u00f3n es la naturaleza, la comunicaci\u00f3n y la uni\u00f3n de mundos. El estudio de la mente desde la perspectiva del Yoga es lo que me ocupa desde hace tiempo. Mi vida laboral\u2026","rel":"","context":"Entrada similar","img":{"alt_text":"","src":"https:\/\/i0.wp.com\/merceyoga.com\/wp-content\/uploads\/2021\/03\/img_20201211_161226964_hdr-1-scaled.jpg?resize=350%2C200&ssl=1","width":350,"height":200},"classes":[]},{"id":1272,"url":"https:\/\/merceyoga.com\/?page_id=1272","url_meta":{"origin":169,"position":3},"title":"Yoga de Escritorio","date":"septiembre 22, 2023","format":false,"excerpt":"Para trabajadores de oficina o en home office, estudiantes y dem\u00e1s personas que pasan horas al d\u00eda sentadxs y frente a pantallas. Clases de 30 minutosSe trabaja el cuerpo y la mente para compensar, mejorar y potenciar la experiencia en el escritorio. Movimientos y ejercicios f\u00edsicos, estiramientospr\u00e1cticas de concentraci\u00f3n y\u2026","rel":"","context":"Entrada similar","img":{"alt_text":"","src":"https:\/\/i0.wp.com\/merceyoga.com\/wp-content\/uploads\/2023\/02\/IMG_20221215_180700504_MP-scaled.jpg?resize=350%2C200&ssl=1","width":350,"height":200},"classes":[]},{"id":1292,"url":"https:\/\/merceyoga.com\/?page_id=1292","url_meta":{"origin":169,"position":4},"title":"Yoga Restaurativo","date":"septiembre 26, 2023","format":false,"excerpt":"El Yoga restaurativo es un estilo que procura la salud de la columna vertebral en una pr\u00e1ctica sumamente relajante y terap\u00e9utica. Se utilizan diferentes elementos como sost\u00e9n para permanecer en el asana sin sobre-esfuerzos y ayudar al cuerpo a encontrar la posibilidad de relajarse para recibir los grandes beneficios que\u2026","rel":"","context":"Entrada similar","img":{"alt_text":"","src":"https:\/\/i0.wp.com\/merceyoga.com\/wp-content\/uploads\/2023\/09\/Screenshot_20201114-140745-1.jpg?resize=350%2C200&ssl=1","width":350,"height":200},"classes":[]},{"id":879,"url":"https:\/\/merceyoga.com\/?page_id=879","url_meta":{"origin":169,"position":5},"title":"Saludos al Sol &#8211; A \u2600\ufe0f","date":"noviembre 4, 2021","format":false,"excerpt":"A lo largo de las clases vamos introduciendo progresivamente los movimientos del Saludo al Sol para poder ejecutar esta serie de posturas (asanas). Esta serie cuenta como una pr\u00e1ctica de Yoga completa y aprenderla es una gran herramienta para tener siempre Yoga a mano en cualquier sitio o momento que\u2026","rel":"","context":"Entrada similar","img":{"alt_text":"","src":"","width":0,"height":0},"classes":[]}],"_links":{"self":[{"href":"https:\/\/merceyoga.com\/index.php?rest_route=\/wp\/v2\/pages\/169","targetHints":{"allow":["GET"]}}],"collection":[{"href":"https:\/\/merceyoga.com\/index.php?rest_route=\/wp\/v2\/pages"}],"about":[{"href":"https:\/\/merceyoga.com\/index.php?rest_route=\/wp\/v2\/types\/page"}],"author":[{"embeddable":true,"href":"https:\/\/merceyoga.com\/index.php?rest_route=\/wp\/v2\/users\/2"}],"replies":[{"embeddable":true,"href":"https:\/\/merceyoga.com\/index.php?rest_route=%2Fwp%2Fv2%2Fcomments&post=169"}],"version-history":[{"count":3,"href":"https:\/\/merceyoga.com\/index.php?rest_route=\/wp\/v2\/pages\/169\/revisions"}],"predecessor-version":[{"id":1312,"href":"https:\/\/merceyoga.com\/index.php?rest_route=\/wp\/v2\/pages\/169\/revisions\/1312"}],"up":[{"embeddable":true,"href":"https:\/\/merceyoga.com\/index.php?rest_route=\/wp\/v2\/pages\/586"}],"wp:attachment":[{"href":"https:\/\/merceyoga.com\/index.php?rest_route=%2Fwp%2Fv2%2Fmedia&parent=169"}],"curies":[{"name":"wp","href":"https:\/\/api.w.org\/{rel}","templated":true}]}}